{"id":103,"date":"2012-03-24T00:36:20","date_gmt":"2012-03-23T23:36:20","guid":{"rendered":"http:\/\/v10.vectrexx.net\/?page_id=103"},"modified":"2012-04-03T11:35:31","modified_gmt":"2012-04-03T11:35:31","slug":"story","status":"publish","type":"page","link":"http:\/\/v10.vectrexx.net\/?page_id=103","title":{"rendered":"story"},"content":{"rendered":"<h3>Oktober<\/h3>\n<p><strong>24.10. Die Zulassung<\/strong><br \/>\n Extra Fr\u00fch zur Zulassungstelle. Ich freue mich schon auf die ganzen H\u00e4ndler.. ewig warten.<br \/>\n Zu meinem Erstaunen waren genau 2 (Privat)Personen vor mir die warteten.<br \/>\n Doch bereits beim bezahlen war der halbe Laden voll &#8211; gutes Timing.<\/p>\n<p> Dann ging es das erste Untersuchen sowie die grobe Innenreinigung.<br \/>\n Kofferraum und Polster hatten doch so manch Fleck, der sich aber mit Aktivschaum einigerma\u00dfen entfernen lie\u00df.<\/p>\n<p> Es folgte der gro\u00dfe Technikcheck. Ergebnis in Hinsicht auf T\u00fcv n\u00e4chsten Monat:<br \/>\n Querlenkerbuchsen gehen noch, ein Stabipendel sogar relativ neu. Rost. Ok &#8211; wen hats verwundert?<br \/>\n Wurde schonmal behandelt, wird nochmal genauer untersucht. <\/p>\n<p> Ansonsten: Kleinkram.<br \/>\n Z\u00fcndkerzen,Kabel, div. Filter. \u00d6lwechsel ist obligatorisch. <\/p>\n<p> Fahrverhalten mit dem Serienfahrwerk und 185er Billigreifen: bei Trockenheit erstaunlich gut(m\u00fctig)<br \/>\n h\u00e4tte schlimmeres erwartet. <\/p>\n<p><strong>25.10. Die optische Hingabe<\/strong><br \/>\nDer zweite Tag mit der Hummel fing erstmal mit der W\u00e4sche an. Dazu ging es in die Waschanlage.<br \/>\n Waschanlage? Wann war ich denn zuletzt in einer motorbetriebenen vollautomatischen Waschanlage??<br \/>\n Diese Frage bleibt weiterhin ungekl\u00e4rt.<\/p>\n<p> Fakt ist: die Kiste ist erstmal grob sauber. Man sieht so langsam das ganze Ausma\u00df des Lackzustandes.<br \/>\n Diverse Stellen ausgebessert etc. Naja..wen wunderts. 209 tkm hinterlassen ihre Spuren.<br \/>\n Weiterhin den Lack mit dem Rest Nanopolitur (f\u00fcr neu\/wertige Lacke) dr\u00fcbergeschmissen und schnell festgestellt,<br \/>\n da\u00df da was sch\u00e4rferes hermu\u00df. Naja. Erstmal egal.<\/p>\n<p> Noch das Ablagefach einbauen? Bevors rumliegt. Einer der 5 Vorhalter hatte scheinbar schonmal eins, Spuren waren jedenfalls noch vorhanden.<br \/>\n Dann kam noch die Domstrebe rein. Mal gucken was es bringt bei nem Serienfahrwerk.<br \/>\n Und oh Wunder.. obwohl das Ding nach wie vor auf Stelzen steht merkt man doch einen fahrdynamischen Unterschied.<br \/>\n Wer h\u00e4tte das gedacht..<\/p>\n<p><strong>26.10. Rainy Days.. <\/strong><br \/>\nHeute passierte nicht viel. Regen. Und davon reichlich.<br \/>\n Was aber (leider) meine Voreinstellungen zu Billigreifen (hier: GT Champiro) best\u00e4tigt: Regengrip = Null.<br \/>\n Diese Reifen sind fast neu und doch bei Regen kaum Chance ohne Rubbeln anzufahren.<br \/>\n \u00c4u\u00dferst schade da\u00df der Verk\u00e4ufer sie erst erneuert hat. <\/p>\n<p>Mein Appell an euch: Finger weg von solchen Billigteilen.<\/p>\n<p> Ich konzentriere mich nun erstmal Winterreifen zu finden. Da werd ich dann etwas auf die Marke gucken.<br \/>\n Son H\u00fchnerkram mach ich doch nich den ganzen Winter mit.. <\/p>\n<p>Mittlerweile liegen bereits wei\u00dfe Blinker bereit.<br \/>\n Wieso nur bereit?<br \/>\n Dumm wenn man 99% des Werkzeuges an Platz A hat zum Schlachten eines anderen und sich an Platz B befindet<br \/>\n und da auch nich ohne weiteres wegkann.<br \/>\nDer Einbau mu\u00df also warten. Verdammt. <\/p>\n<p>Immerhin konnte ich die Ladekapazit\u00e4t schonmal etwas erfassen.<br \/>\n Ich sagte es ja immer.. ich brauch n Kombi. Hat mir keiner geglaubt.. <\/p>\n<p> _______________________________________________________________________________________<\/p>\n<h3>November\/Dez<\/h3>\n<p><strong>3.11. der T\u00dcV-Monat <\/strong><br \/>\n Was ist passiert in den letzen Tagen.<br \/>\n Zum einen h\u00e4tte mich fast ein Sprinter (Langversion versteht sich) zerfetzt.<br \/>\n Zum Gl\u00fcck konnt ich noch ausweichen (trotz der miesen Reifen+Regen; danke ans ABS) und der Sprinter<br \/>\n hats auch grad noch gemerkt. Allerdings bin ich der Meinung, da\u00df dieses Ausweichman\u00f6ver h\u00e4tte<br \/>\n anders ausgehen k\u00f6nnen, wenn ich die Domstrebe nicht dringehabt h\u00e4tte. <\/p>\n<p> Weiterhin hat sich herausgestellt, da\u00df ich noch einen neuen Mittelpott brauche, da dieser lose Teile beinhaltet und zwischen 1500-2000rpm ein Klagelied scheppert.<br \/>\n Dummerweise halte ich mich zu ca. 80% in diesem Bereich auf. Also Auspuff ab Kat &#8211; wir habens ja. <\/p>\n<p> Zwischenzeitlich hab ich das Ding auch mal \u00fcber die Bahn gepr\u00fcgelt, erstaunlich wie im Grunde leichtf\u00fc\u00dfig<br \/>\n er bis auf 180 (Tacho) zieht, bis 190 (Tacho) wirds dann etwas z\u00e4h. Respekt C16SE (trotz 210tkm)<\/p>\n<p> Zwischenzeitlich erschien mit der Verbrauch extrem (erste Hochrechnung lag bei 10l\/100km)<br \/>\n Momentan stehe ich (lt. der zweiten Hochrechnung) zw 7,3-8,3.<br \/>\n Mal sehen was am Ende des Tanks bei rumkommt.<br \/>\n Wenn ihr mich fragt, darf ein 1.6er im Schnitt nicht mehr als 8l verbrauchen, sonst streike ich.<br \/>\n Man mu\u00df ihm ggf zugute kommen lassen, da\u00df ich momentan nicht optimal fahren kann.<br \/>\n Wg dieser Klappergeschichte oben mu\u00df ich teilweise niedere g\u00e4nge w\u00e4hlen,<br \/>\n damit ich aus dem Klapper-Drehzahlbereich komme.<br \/>\n Hinzukommt, da\u00df man (zumindest ich) aufgrund der C16SE-Charakteristik (unter 3000 rpm nix,<br \/>\n dar\u00fcber alles) mindestens bis 4000 rpm ziehen mu\u00df (zumindest die ersten 2 G\u00e4nge),<br \/>\n damit man nicht Schneckenm\u00e4\u00dfig vorankommt.<br \/>\n Ich werde beizeiten mal Verbrauchstests durchf\u00fchren, und ich mu\u00df wohl akzeptieren, da\u00df die gewohnte Leistungsenfaltung der letzen 4 Jahre nicht mehr gegeben ist. Schade..^^ <\/p>\n<p> und: die wei\u00dfen Blinker sind endlich montiert. Was so Kleinigkeiten ausmachen&#8230; <\/p>\n<p> Ach \u00fcbrigens.. erste Eink\u00e4ufe verschwanden problemlos in der Bude &#8211; Kombi macht Spa\u00df *gg <\/p>\n<p><strong>7.11. von Geklapper und Gefummel <\/strong><br \/>\n Heute kam endlich der neue Auspuff dran. Der alte wollte allerdings nicht kampflos weichen, aber mal ehrlich..<br \/>\n ich hab als Kind schon alles kaputt bekommen, der Klumpen Metall hatte also nie eine wirkliche Chance \ud83d\ude1b<br \/>\n Im selben Zuge kam auch endlich der Spritfilter neu.<\/p>\n<p> Ergebnis der ganzen Aktion: das klappern ist weg! Das ist schonmal viel wert.<br \/>\n Zus\u00e4tzlich ist nun im unteren Drehzahlbereich ein etwas besseres Ansprechverhalten zu vernehmen, oder anders: die Karre kommt nun besser ausm Quark.<br \/>\n Langsam leert sich auch der Tank, der erste Gesamtschnitt ist in greifbarer N\u00e4he, ich bin gespannt.<\/p>\n<p> Ach noch eine Anmerkung: mir scheint, da\u00df der Motor etwas \u00d6l s\u00e4uft.<br \/>\n Liegt es an mir oder an dem bescheiden abzulesenden Peilstab?!<br \/>\n Fakt ist, da\u00df ich etwas \u00d6l nachgef\u00fcllt habe, bis ich mit der Anzeige zufrieden war.<br \/>\n Verd\u00e4chtig dabei: ich hab seit dem \u00d6lwechsel nicht mal 800km runter?<br \/>\n Ablesefehler oder \u00d6ls\u00e4ufer? Dachte nur der 1.6 16V ist der \u00d6lsauf-Spezi. Evtl ein problem bei allen 1.6ern mit 100 PS?<br \/>\n Oder doch verschlissene Kolbenringe? Oder etwas ganz anderes?<br \/>\n Ich werde weiter beobachten.. <\/p>\n<p><strong>9.11. Ausstattungsupgrades<\/strong><br \/>\nHeute wurde der vorhandene 16V-Zusatzstabi an die Hinterachs geschraubt.<br \/>\n Nun kommt das Fahrwerk ganz sch\u00f6n ins Wanken wenn man jetzt die gesteigerte Lenkpr\u00e4zision nutzt *gg*<br \/>\n Au\u00dferdem hab ich des Komfort wegen die vorhandene Funkfernbedienung eingebaut.<\/p>\n<p><strong>16.11. h\u00f6rt das denn nie auf..<\/strong><br \/>\nBisher spult die Hummel Opel-typisch weitgehend problemlos ihre Kilometer ab.<br \/>\n Bisher nicht viel neues..<br \/>\n Aber mir ist nach der Bremse hinten-Einstellerei und testen das Handbremsseil gerissen.<br \/>\n tja.. kommt das halt auch noch neu.. ich hab ja sonst nix zu tun..<br \/>\n Immerhin hat sich der \u00d6lverbrauch als nicht weiter wild erwiesen <\/p>\n<h3>Dezember &#8211; \u00f6fter mal was neues<\/h3>\n<p> Fr\u00fcher als zun\u00e4chst angedacht steht das Fahrzeug nun wieder zum Verkauf.<br \/>\n Mal sehen was sich als Ersatz finden wird.. <\/p>\n<h3>&#8211;Ende&#8211;<\/h3>\n","protected":false},"excerpt":{"rendered":"<p>Oktober 24.10. Die Zulassung Extra Fr\u00fch zur Zulassungstelle. Ich freue mich schon auf die ganzen H\u00e4ndler.. ewig warten. Zu meinem Erstaunen waren genau 2 (Privat)Personen vor mir die warteten. Doch bereits beim bezahlen war der halbe Laden voll &#8211; gutes &hellip; <a href=\"http:\/\/v10.vectrexx.net\/?page_id=103\">Read the rest of this entry <span class=\"meta-nav\">&rarr;<\/span><\/a><\/p>\n","protected":false},"author":1,"featured_media":0,"parent":25,"menu_order":0,"comment_status":"open","ping_status":"closed","template":"onecolumn-page-nocom.php","meta":[],"_links":{"self":[{"href":"http:\/\/v10.vectrexx.net\/index.php?rest_route=\/wp\/v2\/pages\/103"}],"collection":[{"href":"http:\/\/v10.vectrexx.net\/index.php?rest_route=\/wp\/v2\/pages"}],"about":[{"href":"http:\/\/v10.vectrexx.net\/index.php?rest_route=\/wp\/v2\/types\/page"}],"author":[{"embeddable":true,"href":"http:\/\/v10.vectrexx.net\/index.php?rest_route=\/wp\/v2\/users\/1"}],"replies":[{"embeddable":true,"href":"http:\/\/v10.vectrexx.net\/index.php?rest_route=%2Fwp%2Fv2%2Fcomments&post=103"}],"version-history":[{"count":2,"href":"http:\/\/v10.vectrexx.net\/index.php?rest_route=\/wp\/v2\/pages\/103\/revisions"}],"predecessor-version":[{"id":906,"href":"http:\/\/v10.vectrexx.net\/index.php?rest_route=\/wp\/v2\/pages\/103\/revisions\/906"}],"up":[{"embeddable":true,"href":"http:\/\/v10.vectrexx.net\/index.php?rest_route=\/wp\/v2\/pages\/25"}],"wp:attachment":[{"href":"http:\/\/v10.vectrexx.net\/index.php?rest_route=%2Fwp%2Fv2%2Fmedia&parent=103"}],"curies":[{"name":"wp","href":"https:\/\/api.w.org\/{rel}","templated":true}]}}