{"id":1405,"date":"2014-05-20T15:00:20","date_gmt":"2014-05-20T13:00:20","guid":{"rendered":"http:\/\/v10.vectrexx.net\/?page_id=1405"},"modified":"2014-11-25T19:36:24","modified_gmt":"2014-11-25T18:36:24","slug":"chrysler-grand-voyager","status":"publish","type":"page","link":"http:\/\/v10.vectrexx.net\/?page_id=1405","title":{"rendered":"#10 chrysler grand voyager 3.8 V6 AWD"},"content":{"rendered":"<p>Der neue Transport-Daily (05\/2014 &#8211; 09\/2014)<\/p>\n<p><img src=\"http:\/\/v10.vectrexx.net\/wp-content\/uploads\/IMG_20140921_161258-150x150.jpg\" alt=\"\" \/><br \/>\nDa ich merkte, da\u00df ich mit EU-Fahrzeugen, etwa wie dem Omega, irgendwie nicht so richtig gl\u00fccklich bin, habe ich die Suche nach g\u00fcnstigen und alltagstauglichen Amis gestartet.<br \/>\nEigentlich v\u00f6llig absurd, der Omega war g\u00fcnstig dank Diesel, technisch fit, hatte 1a Xenonlicht, Wintertauglich, Platz, hatte Heckantrieb mit AT &#8211; alles was ich will?<br \/>\nWas spricht also gegen ihn? Tats\u00e4chlich nur, da\u00df er kein Ami ist. Das mag nicht unbedingt f\u00fcr jeden nachvollziehbar sein, aber so is es nunmal.<br \/>\nDie Suche begann also.<br \/>\nSchnell war klar, da\u00df Amikombis mit RWD mit den gew\u00fcnschten Anforderungen vergleichsweise zu teuer sind. Strategiewechsel. Was gabs noch? Ja ok&#8230; Chrysler Voyager.. ein Minivan. Na toll. Warum sollte ich einen Minivan fahren?<br \/>\nMit der Zeit war so ein Ding aber einfach die logische Wahl &#8211; und so konzentrierte ich mich bei meiner Suche auf einen Chrysler Voyager der Baureihe ES (91-95).<br \/>\nAber auch hier hatte ich nat\u00fcrlich bestimmt W\u00fcnsche, wie er auszusehen hat und was er zu haben hat. Das gestaltete die Suche enorm schwierig.<br \/>\nHinzu kam, da\u00df Holger zu der Zeit bereits einen ES sein Eigen nannte, und ich so mal Probesitzen konnte.<br \/>\nZu meinem Erstaunen erkannte ich dann.. ich passe da nicht rein.<br \/>\nMag absurd klingen, aber ich kam mir eingeklemmt vor. Zudem st\u00e4ndig das Knie an der Lenks\u00e4ule gesto\u00dfen &#8211; na klasse.. was jetzt?<br \/>\nIch habe mir dann die Nachfolger-Reihe GS (95-2000) mal genauer angesehen. Nach dem Probesitzen war klar.. der isses.<br \/>\nDas gestaltete die Suche auch einfacher (vergleichsweise), da der Markt an GS doch deutlich besser ist als bei den ES-Modellen.<br \/>\nUnd so fand ich eines Tages diesen gr\u00fcnen 3.8er Allrad.<\/p>\n<p><a href=\"http:\/\/v10.vectrexx.net\/?page_id=1412\">&gt; Basics &lt; <\/a>| <a href=\"http:\/\/v10.vectrexx.net\/?page_id=1572\">&gt; Story &lt; <\/a>| &gt; Galerie &lt;<\/p>\n","protected":false},"excerpt":{"rendered":"<p>Der neue Transport-Daily (05\/2014 &#8211; 09\/2014) Da ich merkte, da\u00df ich mit EU-Fahrzeugen, etwa wie dem Omega, irgendwie nicht so richtig gl\u00fccklich bin, habe ich die Suche nach g\u00fcnstigen und alltagstauglichen Amis gestartet. Eigentlich v\u00f6llig absurd, der Omega war g\u00fcnstig &hellip; <a href=\"http:\/\/v10.vectrexx.net\/?page_id=1405\">Read the rest of this entry <span class=\"meta-nav\">&rarr;<\/span><\/a><\/p>\n","protected":false},"author":1,"featured_media":0,"parent":48,"menu_order":7,"comment_status":"open","ping_status":"closed","template":"onecolumn-page-nocom.php","meta":[],"_links":{"self":[{"href":"http:\/\/v10.vectrexx.net\/index.php?rest_route=\/wp\/v2\/pages\/1405"}],"collection":[{"href":"http:\/\/v10.vectrexx.net\/index.php?rest_route=\/wp\/v2\/pages"}],"about":[{"href":"http:\/\/v10.vectrexx.net\/index.php?rest_route=\/wp\/v2\/types\/page"}],"author":[{"embeddable":true,"href":"http:\/\/v10.vectrexx.net\/index.php?rest_route=\/wp\/v2\/users\/1"}],"replies":[{"embeddable":true,"href":"http:\/\/v10.vectrexx.net\/index.php?rest_route=%2Fwp%2Fv2%2Fcomments&post=1405"}],"version-history":[{"count":13,"href":"http:\/\/v10.vectrexx.net\/index.php?rest_route=\/wp\/v2\/pages\/1405\/revisions"}],"predecessor-version":[{"id":1573,"href":"http:\/\/v10.vectrexx.net\/index.php?rest_route=\/wp\/v2\/pages\/1405\/revisions\/1573"}],"up":[{"embeddable":true,"href":"http:\/\/v10.vectrexx.net\/index.php?rest_route=\/wp\/v2\/pages\/48"}],"wp:attachment":[{"href":"http:\/\/v10.vectrexx.net\/index.php?rest_route=%2Fwp%2Fv2%2Fmedia&parent=1405"}],"curies":[{"name":"wp","href":"https:\/\/api.w.org\/{rel}","templated":true}]}}