{"id":1572,"date":"2014-11-25T20:00:44","date_gmt":"2014-11-25T19:00:44","guid":{"rendered":"http:\/\/v10.vectrexx.net\/?page_id=1572"},"modified":"2014-11-25T20:14:53","modified_gmt":"2014-11-25T19:14:53","slug":"story","status":"publish","type":"page","link":"http:\/\/v10.vectrexx.net\/?page_id=1572","title":{"rendered":"story"},"content":{"rendered":"<p><strong>Ende Mai<\/strong><br \/>\nWie \u00fcblich.. die Abholung und Bestandsaufnahme.<br \/>\nDie schwarzen Blechteile wurden vom Vorbesitzer erneuert, da sie nicht rosteten. Daf\u00fcr sind sie schwarz. An einem gr\u00fcnen Auto nat\u00fcrlich irgendwie unpassend, aber gut.<br \/>\nWichtiger ist aber der technische Zustand und der tadellose Innenraum. Nur wenige Kleinigkeiten sind dort zu finden.<\/p>\n<p><a href=\"http:\/\/v10.vectrexx.net\/wp-content\/uploads\/IMG_4426.jpg\" target=\"_blank\"><img src=\"http:\/\/v10.vectrexx.net\/wp-content\/uploads\/IMG_4426-150x150.jpg\" alt=\"\" \/><\/a><a href=\"http:\/\/v10.vectrexx.net\/wp-content\/uploads\/IMG_4427.jpg\" target=\"_blank\"><img src=\"http:\/\/v10.vectrexx.net\/wp-content\/uploads\/IMG_4427-150x150.jpg\" alt=\"\" \/><\/a><a href=\"http:\/\/v10.vectrexx.net\/wp-content\/uploads\/IMG_4428.jpg\" target=\"_blank\"><img src=\"http:\/\/v10.vectrexx.net\/wp-content\/uploads\/IMG_4428-150x150.jpg\" alt=\"\" \/><\/a><a href=\"http:\/\/v10.vectrexx.net\/wp-content\/uploads\/IMG_4425.jpg\" target=\"_blank\"><img src=\"http:\/\/v10.vectrexx.net\/wp-content\/uploads\/IMG_4425-150x150.jpg\" alt=\"\" \/><\/a><br \/>\n<a href=\"http:\/\/v10.vectrexx.net\/wp-content\/uploads\/IMG_4383.jpg\" target=\"_blank\"><img src=\"http:\/\/v10.vectrexx.net\/wp-content\/uploads\/IMG_4383-150x150.jpg\" alt=\"\" \/><\/a><a href=\"http:\/\/v10.vectrexx.net\/wp-content\/uploads\/IMG_20140917_152729.jpg\" target=\"_blank\"><img src=\"http:\/\/v10.vectrexx.net\/wp-content\/uploads\/IMG_20140917_152729-150x150.jpg\" alt=\"\" \/><\/a><a href=\"http:\/\/v10.vectrexx.net\/wp-content\/uploads\/IMG_20140917_153750.jpg\" target=\"_blank\"><img src=\"http:\/\/v10.vectrexx.net\/wp-content\/uploads\/IMG_20140917_153750-150x150.jpg\" alt=\"\" \/><\/a><a href=\"http:\/\/v10.vectrexx.net\/wp-content\/uploads\/IMG_20140917_153808.jpg\" target=\"_blank\"><img src=\"http:\/\/v10.vectrexx.net\/wp-content\/uploads\/IMG_20140917_153808-150x150.jpg\" alt=\"\" \/><\/a><a href=\"http:\/\/v10.vectrexx.net\/wp-content\/uploads\/IMG_20140921_161548.jpg\" target=\"_blank\"><img src=\"http:\/\/v10.vectrexx.net\/wp-content\/uploads\/IMG_20140921_161548-150x150.jpg\" alt=\"\" \/><\/a><a href=\"http:\/\/v10.vectrexx.net\/wp-content\/uploads\/IMG_20140921_161618.jpg\" target=\"_blank\"><img src=\"http:\/\/v10.vectrexx.net\/wp-content\/uploads\/IMG_20140921_161618-150x150.jpg\" alt=\"\" \/><\/a><a href=\"http:\/\/v10.vectrexx.net\/wp-content\/uploads\/20140513_213141.jpg\" target=\"_blank\"><img src=\"http:\/\/v10.vectrexx.net\/wp-content\/uploads\/20140513_213141-150x150.jpg\" alt=\"\" \/><\/a><\/p>\n<p>______________________________________________________________________________<br \/>\n<strong>Juni 2014<\/strong><br \/>\nIch konnte Blechteile in passender Farbe auftreiben.<br \/>\nDa auch die Heckklappe bereits vom Rost befallen war, kam diese auch neu. Praktischerweise fand ich Haube+Heckklappe mit Dodge-Logo in passender Farbe. Ebenso die rechte Schiebet\u00fcr wurde gegen was rostfreies ersetzt.<\/p>\n<p><a href=\"http:\/\/v10.vectrexx.net\/wp-content\/uploads\/20140602_181939.jpg\" target=\"_blank\"><img src=\"http:\/\/v10.vectrexx.net\/wp-content\/uploads\/20140602_181939-150x150.jpg\" alt=\"\" \/><\/a><a href=\"http:\/\/v10.vectrexx.net\/wp-content\/uploads\/20140602_182031.jpg\" target=\"_blank\"><img src=\"http:\/\/v10.vectrexx.net\/wp-content\/uploads\/20140602_182031-150x150.jpg\" alt=\"\" \/><\/a><a href=\"http:\/\/v10.vectrexx.net\/wp-content\/uploads\/20140602_182102.jpg\" target=\"_blank\"><img src=\"http:\/\/v10.vectrexx.net\/wp-content\/uploads\/20140602_182102-150x150.jpg\" alt=\"\" \/><\/a><br \/>\n<a href=\"http:\/\/v10.vectrexx.net\/wp-content\/uploads\/IMG_20140921_161308.jpg\" target=\"_blank\"><img src=\"http:\/\/v10.vectrexx.net\/wp-content\/uploads\/IMG_20140921_161308-150x150.jpg\" alt=\"\" \/><\/a><a href=\"http:\/\/v10.vectrexx.net\/wp-content\/uploads\/IMG_20140921_161332.jpg\" target=\"_blank\"><img src=\"http:\/\/v10.vectrexx.net\/wp-content\/uploads\/IMG_20140921_161332-150x150.jpg\" alt=\"\" \/><\/a><a href=\"http:\/\/v10.vectrexx.net\/wp-content\/uploads\/IMG_20140921_161258.jpg\" target=\"_blank\"><img src=\"http:\/\/v10.vectrexx.net\/wp-content\/uploads\/IMG_20140921_161258-150x150.jpg\" alt=\"\" \/><\/a><\/p>\n<p>______________________________________________________________________________<br \/>\n<strong>August<\/strong><\/p>\n<p>Das \u00fcbliche Wartungspaket.. \u00d6le, Luftfilter und Co.<br \/>\nAu\u00dferdem wurde das omin\u00f6se Luftansaugschlauchgebastel wieder auf Serienstand gebracht.<br \/>\n<a href=\"http:\/\/v10.vectrexx.net\/wp-content\/uploads\/IMG_4442.jpg\" target=\"_blank\"><img src=\"http:\/\/v10.vectrexx.net\/wp-content\/uploads\/IMG_4442-150x150.jpg\" alt=\"\" \/><\/a><a href=\"http:\/\/v10.vectrexx.net\/wp-content\/uploads\/IMG-20140529-WA0003.jpg\" target=\"_blank\"><img src=\"http:\/\/v10.vectrexx.net\/wp-content\/uploads\/IMG-20140529-WA0003-150x150.jpg\" alt=\"\" \/><\/a><a href=\"http:\/\/v10.vectrexx.net\/wp-content\/uploads\/20140830_174028.jpg\" target=\"_blank\"><img src=\"http:\/\/v10.vectrexx.net\/wp-content\/uploads\/20140830_174028-150x150.jpg\" alt=\"\" \/><\/a><a href=\"http:\/\/v10.vectrexx.net\/wp-content\/uploads\/20140830_171802.jpg\" target=\"_blank\"><img src=\"http:\/\/v10.vectrexx.net\/wp-content\/uploads\/20140830_171802-150x150.jpg\" alt=\"\" \/><\/a><br \/>\nWie immer das obligatorische Luftfilter vorher-nachher-Foto (links der neue..rechts der alte)<br \/>\n<a href=\"http:\/\/v10.vectrexx.net\/wp-content\/uploads\/IMG-20140529-WA0001.jpg\" target=\"_blank\"><img src=\"http:\/\/v10.vectrexx.net\/wp-content\/uploads\/IMG-20140529-WA0001-150x150.jpg\" alt=\"\" \/><\/a><\/p>\n<p>Ebenso wurde das Radio getauscht, und neue Radlager an der Vorderachse gabs auch.<br \/>\n<a href=\"http:\/\/v10.vectrexx.net\/wp-content\/uploads\/20140625_152931.jpg\" target=\"_blank\"><img src=\"http:\/\/v10.vectrexx.net\/wp-content\/uploads\/20140625_152931-150x150.jpg\" alt=\"\" \/><\/a><a href=\"http:\/\/v10.vectrexx.net\/wp-content\/uploads\/20140625_182337.jpg\" target=\"_blank\"><img src=\"http:\/\/v10.vectrexx.net\/wp-content\/uploads\/20140625_182337-150x150.jpg\" alt=\"\" \/><\/a><a href=\"http:\/\/v10.vectrexx.net\/wp-content\/uploads\/20140625_182358.jpg\" target=\"_blank\"><img src=\"http:\/\/v10.vectrexx.net\/wp-content\/uploads\/20140625_182358-150x150.jpg\" alt=\"\" \/><\/a><a href=\"http:\/\/v10.vectrexx.net\/wp-content\/uploads\/20140809_130946.jpg\" target=\"_blank\"><img src=\"http:\/\/v10.vectrexx.net\/wp-content\/uploads\/20140809_130946-150x150.jpg\" alt=\"\" \/><\/a><\/p>\n<p>Ebenso gabs US-R\u00fcckleuchten, weil&#8230; naja das brauch ich wohl nicht weiter erl\u00e4utern.<br \/>\n<a href=\"http:\/\/v10.vectrexx.net\/wp-content\/uploads\/20140615_203203.jpg\" target=\"_blank\"><img src=\"http:\/\/v10.vectrexx.net\/wp-content\/uploads\/20140615_203203-150x150.jpg\" alt=\"\" \/><\/a><a href=\"http:\/\/v10.vectrexx.net\/wp-content\/uploads\/20140615_203217.jpg\" target=\"_blank\"><img src=\"http:\/\/v10.vectrexx.net\/wp-content\/uploads\/20140615_203217-150x150.jpg\" alt=\"\" \/><\/a><\/p>\n","protected":false},"excerpt":{"rendered":"<p>Ende Mai Wie \u00fcblich.. die Abholung und Bestandsaufnahme. Die schwarzen Blechteile wurden vom Vorbesitzer erneuert, da sie nicht rosteten. Daf\u00fcr sind sie schwarz. An einem gr\u00fcnen Auto nat\u00fcrlich irgendwie unpassend, aber gut. Wichtiger ist aber der technische Zustand und der &hellip; <a href=\"http:\/\/v10.vectrexx.net\/?page_id=1572\">Read the rest of this entry <span class=\"meta-nav\">&rarr;<\/span><\/a><\/p>\n","protected":false},"author":1,"featured_media":0,"parent":1405,"menu_order":0,"comment_status":"open","ping_status":"closed","template":"onecolumn-page-nocom.php","meta":[],"_links":{"self":[{"href":"http:\/\/v10.vectrexx.net\/index.php?rest_route=\/wp\/v2\/pages\/1572"}],"collection":[{"href":"http:\/\/v10.vectrexx.net\/index.php?rest_route=\/wp\/v2\/pages"}],"about":[{"href":"http:\/\/v10.vectrexx.net\/index.php?rest_route=\/wp\/v2\/types\/page"}],"author":[{"embeddable":true,"href":"http:\/\/v10.vectrexx.net\/index.php?rest_route=\/wp\/v2\/users\/1"}],"replies":[{"embeddable":true,"href":"http:\/\/v10.vectrexx.net\/index.php?rest_route=%2Fwp%2Fv2%2Fcomments&post=1572"}],"version-history":[{"count":4,"href":"http:\/\/v10.vectrexx.net\/index.php?rest_route=\/wp\/v2\/pages\/1572\/revisions"}],"predecessor-version":[{"id":1610,"href":"http:\/\/v10.vectrexx.net\/index.php?rest_route=\/wp\/v2\/pages\/1572\/revisions\/1610"}],"up":[{"embeddable":true,"href":"http:\/\/v10.vectrexx.net\/index.php?rest_route=\/wp\/v2\/pages\/1405"}],"wp:attachment":[{"href":"http:\/\/v10.vectrexx.net\/index.php?rest_route=%2Fwp%2Fv2%2Fmedia&parent=1572"}],"curies":[{"name":"wp","href":"https:\/\/api.w.org\/{rel}","templated":true}]}}